{"id":46,"date":"2019-11-26T09:43:57","date_gmt":"2019-11-26T08:43:57","guid":{"rendered":"http:\/\/www.takpraha.cz\/wp\/?page_id=46"},"modified":"2023-03-10T21:14:03","modified_gmt":"2023-03-10T20:14:03","slug":"pisne-takove","status":"publish","type":"page","link":"https:\/\/takpraha.cz\/index.php\/pisne-takove\/","title":{"rendered":"P\u00edsn\u011b TAKov\u00e9"},"content":{"rendered":"\n<h2 class=\"wp-block-heading\">P\u00edsn\u011b TAKov\u00e9<\/h2>\n\n\n\n<h3 class=\"wp-block-heading\"><strong>\u017d\u00ed\u017eali\u010dky<\/strong><\/h3>\n\n\n\n<p>Sl\u00e1va n\u00e1m, sl\u00e1va n\u00e1m,<br>my jsme \u0148\u00e1c\u00ed kabr\u0148\u00e1ci.<br>Sl\u00e1va n\u00e1m, sl\u00e1va n\u00e1m,<br>my jsme \u0148\u00e1c\u00ed kosov\u00e9.<br>Ve dne sp\u00edme v noci bd\u00edme<br>zbytek \u010dasu sou a sout\u011b\u017e\u00edme.<br>Sl\u00e1va n\u00e1m, sl\u00e1va n\u00e1m,<br>my jsme \u0148\u00e1c\u00ed kosov\u00e9.<br><br>Sl\u00e1va n\u00e1m, sl\u00e1va n\u00e1m,<br>sl\u00e1va n\u00e1m a \u017e\u00ed\u017eali\u010dk\u00e1m.<br>Sl\u00e1va n\u00e1m, sl\u00e1va n\u00e1m,<br>sl\u00e1va n\u00e1m a \u017e\u00ed\u017eal\u00e1m.<br>\u017d\u00ed\u017eala je prima zv\u00ed\u0159e,<br>kdy\u017e nepr\u0161\u00ed tak a tak je v d\u00ed\u0159e.<br>Sl\u00e1va n\u00e1m, sl\u00e1va n\u00e1m,&nbsp;<br>sl\u00e1va n\u00e1m a \u017e\u00ed\u017eal\u00e1m<\/p>\n\n\n\n<h3 class=\"wp-block-heading\">Val\u010d\u00edk na rozlou\u010denou<\/h3>\n\n\n\n<p>1. Kon\u010d\u00ed ten \u010das, jen\u017e byl pln\u00fd nejhez\u010d\u00edch noc\u00ed a dn\u00ed,<br>poslouchej, jak tich\u00fd val\u010d\u00edk na rozlou\u010denou n\u00e1m zn\u00ed.<br><br>2. Ji\u017e mus\u00edme se rozlou\u010dit, kon\u010d\u00ed \u010das kr\u00e1sn\u00fdch dn\u00ed,<br>teskn\u011b a ti\u0161e val\u010d\u00edk ten na rozlou\u010denou n\u00e1m zn\u00ed.<br><br>3. Na shledanou si \u0159ekneme, kdy\u017e k lou\u010den\u00ed je \u010das,<br>na shledanou, m\u00ed p\u0159\u00edtel\u00e9, v\u017edy\u0165 sejdeme se zas!<br><br>4. Pro\u010d s t\u00edm se m\u00e1me rozlou\u010dit, co ka\u017ed\u00fd z n\u00e1s m\u011bl r\u00e1d,<br>pro\u010d s k\u00fdm se m\u00e1me rozej\u00edt bez v\u00edry na n\u00e1vrat.<br><br>5. To nen\u00ed \u017e\u00e1dn\u00e9 lou\u010den\u00ed, by\u0165 chv\u011bl se n\u00e1m i hlas,<br>jsme pevn\u011b v kruhu spojeni a sejdeme se zas!<\/p>\n","protected":false},"excerpt":{"rendered":"<p>P\u00edsn\u011b TAKov\u00e9 \u017d\u00ed\u017eali\u010dky Sl\u00e1va n\u00e1m, sl\u00e1va n\u00e1m,my jsme \u0148\u00e1c\u00ed kabr\u0148\u00e1ci.Sl\u00e1va n\u00e1m, sl\u00e1va n\u00e1m,my jsme \u0148\u00e1c\u00ed kosov\u00e9.Ve dne sp\u00edme v noci<\/p>\n","protected":false},"author":1,"featured_media":0,"parent":0,"menu_order":0,"comment_status":"closed","ping_status":"closed","template":"","meta":{"colormag_page_layout":"default_layout","inline_featured_image":false,"ngg_post_thumbnail":0,"footnotes":""},"class_list":["post-46","page","type-page","status-publish","hentry"],"_links":{"self":[{"href":"https:\/\/takpraha.cz\/index.php\/wp-json\/wp\/v2\/pages\/46","targetHints":{"allow":["GET"]}}],"collection":[{"href":"https:\/\/takpraha.cz\/index.php\/wp-json\/wp\/v2\/pages"}],"about":[{"href":"https:\/\/takpraha.cz\/index.php\/wp-json\/wp\/v2\/types\/page"}],"author":[{"embeddable":true,"href":"https:\/\/takpraha.cz\/index.php\/wp-json\/wp\/v2\/users\/1"}],"replies":[{"embeddable":true,"href":"https:\/\/takpraha.cz\/index.php\/wp-json\/wp\/v2\/comments?post=46"}],"version-history":[{"count":3,"href":"https:\/\/takpraha.cz\/index.php\/wp-json\/wp\/v2\/pages\/46\/revisions"}],"predecessor-version":[{"id":408,"href":"https:\/\/takpraha.cz\/index.php\/wp-json\/wp\/v2\/pages\/46\/revisions\/408"}],"wp:attachment":[{"href":"https:\/\/takpraha.cz\/index.php\/wp-json\/wp\/v2\/media?parent=46"}],"curies":[{"name":"wp","href":"https:\/\/api.w.org\/{rel}","templated":true}]}}