{"id":5427,"date":"2024-02-29T01:07:23","date_gmt":"2024-02-29T00:07:23","guid":{"rendered":"https:\/\/takpraha.cz\/?page_id=5427"},"modified":"2024-02-29T01:07:23","modified_gmt":"2024-02-29T00:07:23","slug":"vyuctovani-takovych-akci","status":"publish","type":"page","link":"https:\/\/takpraha.cz\/index.php\/vyuctovani-takovych-akci\/","title":{"rendered":"Vy\u00fa\u010dtov\u00e1n\u00ed TAKov\u00fdch akc\u00ed"},"content":{"rendered":"\n<div data-wp-interactive=\"core\/file\" class=\"wp-block-file\"><object data-wp-bind--hidden=\"!state.hasPdfPreview\" hidden class=\"wp-block-file__embed\" data=\"https:\/\/takpraha.cz\/wp-content\/uploads\/2024\/02\/2024-Vyuctovani-TAKovych-akci.pdf\" type=\"application\/pdf\" style=\"width:100%;height:600px\" aria-label=\"Vlo\u017eit z 2024 Vy\u00fa\u010dtov\u00e1n\u00ed TAKov\u00fdch akc\u00ed.\"><\/object><a id=\"wp-block-file--media-e29104ac-d55c-4516-8fd1-68c9bd10c38a\" href=\"https:\/\/takpraha.cz\/wp-content\/uploads\/2024\/02\/2024-Vyuctovani-TAKovych-akci.pdf\">2024 Vy\u00fa\u010dtov\u00e1n\u00ed TAKov\u00fdch akc\u00ed<\/a><a href=\"https:\/\/takpraha.cz\/wp-content\/uploads\/2024\/02\/2024-Vyuctovani-TAKovych-akci.pdf\" class=\"wp-block-file__button wp-element-button\" download aria-describedby=\"wp-block-file--media-e29104ac-d55c-4516-8fd1-68c9bd10c38a\">St\u00e1hnout<\/a><\/div>\n","protected":false},"excerpt":{"rendered":"","protected":false},"author":7,"featured_media":0,"parent":0,"menu_order":0,"comment_status":"closed","ping_status":"closed","template":"","meta":{"colormag_page_layout":"default_layout","inline_featured_image":false,"ngg_post_thumbnail":0,"footnotes":""},"class_list":["post-5427","page","type-page","status-publish","hentry"],"_links":{"self":[{"href":"https:\/\/takpraha.cz\/index.php\/wp-json\/wp\/v2\/pages\/5427","targetHints":{"allow":["GET"]}}],"collection":[{"href":"https:\/\/takpraha.cz\/index.php\/wp-json\/wp\/v2\/pages"}],"about":[{"href":"https:\/\/takpraha.cz\/index.php\/wp-json\/wp\/v2\/types\/page"}],"author":[{"embeddable":true,"href":"https:\/\/takpraha.cz\/index.php\/wp-json\/wp\/v2\/users\/7"}],"replies":[{"embeddable":true,"href":"https:\/\/takpraha.cz\/index.php\/wp-json\/wp\/v2\/comments?post=5427"}],"version-history":[{"count":1,"href":"https:\/\/takpraha.cz\/index.php\/wp-json\/wp\/v2\/pages\/5427\/revisions"}],"predecessor-version":[{"id":5428,"href":"https:\/\/takpraha.cz\/index.php\/wp-json\/wp\/v2\/pages\/5427\/revisions\/5428"}],"wp:attachment":[{"href":"https:\/\/takpraha.cz\/index.php\/wp-json\/wp\/v2\/media?parent=5427"}],"curies":[{"name":"wp","href":"https:\/\/api.w.org\/{rel}","templated":true}]}}