{"id":646,"date":"2021-10-18T22:32:08","date_gmt":"2021-10-18T20:32:08","guid":{"rendered":"https:\/\/www.takpraha.cz\/wp\/?page_id=646"},"modified":"2022-01-08T18:28:41","modified_gmt":"2022-01-08T17:28:41","slug":"historie-stezek-1980-1989","status":"publish","type":"page","link":"https:\/\/takpraha.cz\/index.php\/historie-stezek-1980-1989\/","title":{"rendered":"Historie Stezek 1980\u20131989"},"content":{"rendered":"\n<h2 class=\"wp-block-heading\">Velk\u00e9 Stezky 1980\u20131989<\/h2>\n\n\n\n<h3 class=\"wp-block-heading\" id=\"s22\">22. PODKRKONO\u0160\u00cd | 8.\u201311. 5. 1980 | Pecka<\/h3>\n\n\n\n<div class=\"wp-block-image\"><figure class=\"alignright size-full\"><img loading=\"lazy\" decoding=\"async\" width=\"71\" height=\"95\" src=\"https:\/\/takpraha.cz\/wp-content\/uploads\/2021\/10\/22vs.jpg\" alt=\"\" class=\"wp-image-652\"\/><\/figure><\/div>\n\n\n\n<p>1. Semily, Vyske\u0159, Mlad\u011bjov, Ko\u0161ov<br>2. Nov\u00e1 Paka, Vl\u010dice, Vl\u010dkovice, Zvi\u010dina<br>3. Semily, Li\u0161n\u00fd, Hezlovice, Horka u Star\u00e9 Paky<br>4. Pet\u0159\u00edkovice, Bohda\u0161\u00edn, Velk\u00fd T\u0159ebe\u0161ov, Brusnice<br>5. \u010cesk\u00e1 Skalice, Svato\u0148ovice, Nov\u00fd Kohoutov, Mostek&nbsp;<br>6. \u0158e\u0161etova Lhota, Radvanice, Nov\u00fd Kohoutov, Mostek<br>7. \u017dacl\u00e9\u0159, Star\u00e9 Buky, Z\u00e1ho\u0159\u00ed, Zvi\u010dina<br>8. Hostinn\u00e9, Hostinn\u00e9, Studenec, Nov\u00e1 Paka<br>9. Teplice nad Metuj\u00ed, Trutnov, Vrchlab\u00ed, Nov\u00e1 Paka<br>10. \u017dacl\u00e9\u0159, chata Zlat\u00e1 vyhl\u00eddka, Str\u00e1\u017en\u00e9, Studenec<br>11. Mal\u00e1 Sk\u00e1la, Trosky, Jinolice, Stav<br>12. Turnov, Bozkov, Nov\u00e1 Ves n ad Popelkou, Doln\u00ed Kaln\u00e1<br>13. Trutnov, \u010cesk\u00fd kostelec, Z\u00e1bo\u0159\u00ed, B\u00edl\u00e1 T\u0159eme\u0161n\u00e1<br>14. Hostinn\u00e9, Hajnice, Ho\u0159\u00ed\u010dky, B\u00edl\u00e1 T\u0159eme\u0161n\u00e1<br>15. Mal\u00e1 Sk\u00e1la, Kopanice, Tuha\u0159, Kumburk<br>16. Rovensko, Koberovy, Bozkov, \u017deleznice<br>17. Trutnov, Mal\u00e9 Svato\u0148ovice, Ch. Hradi\u0161t\u011b, Mostek<br>C &nbsp; Praha, Chlumec nad Cidlinou, Ch. Hradi\u0161t\u011b, Ji\u010d\u00edn<\/p>\n\n\n\n<h3 class=\"wp-block-heading\" id=\"s23\">23. CH\u0158IBY | 1.\u20134. 10. 1981 | Velehrad<\/h3>\n\n\n\n<div class=\"wp-block-image\"><figure class=\"alignright size-full\"><img loading=\"lazy\" decoding=\"async\" width=\"70\" height=\"96\" src=\"https:\/\/takpraha.cz\/wp-content\/uploads\/2021\/10\/23vs.jpg\" alt=\"\" class=\"wp-image-653\"\/><\/figure><\/div>\n\n\n\n<p>1. Vrbovice, Nov\u00e1 Lhota, Kn\u011b\u017edub, Mokr\u00fd H\u00e1j<br>2. Napajedla, Bun\u010d, Mouchnice, Sm\u010favka<br>3. Bohuslavice, Chvaldov, St\u0159\u00edlky, V\u0159estek<br>4. Kyjov, Stupava, Ro\u0161t\u00edn, Jalub\u00ed<br>5. Vizovice, Ho\u0161\u0165\u00e1lkov\u00e1, Lu\u017en\u00e1, Slavi\u010d\u00edn<br>6. Vrbovice, Zlatnick\u00e1 Dol. , Kyjov, Star\u00e1 Hu\u0165<br>7. Bu\u010dovice, \u017dd\u00e1nioce, Sm\u010f\u00e1vka, Ro\u0161t\u00edn<br>8. Bohuslavice, Buchlovice, Zdounky, \u017dlutava<br>9. Bu\u010dovice, Kory\u010dany, Buchlovice, Bun\u010d<br>10. Pouzd\u0159any, Mikulov, \u017dd\u00e1nice, Stupava<br>11. Bu\u010dovice, Mouchnice, Bun\u010d, R\u00e1kos u Velehradu<br>12. \u0160akvice, Lu\u017eice, Bzenec, Tupesy<br>13. Slavkov, \u017dd\u00e1nioce, Kory\u010dany, Ole\u0161ovice<br>14. Star\u00e9 M\u011bsto, Z\u00e1st\u0159i\u017ely, Medlovice, Medlovice<br>15. Napajedla, Divoky, Stupava, Zlechov<br>16. Bohuslavice, B\u0159estek &#8211; Chaban\u011b, Chvalkov, Svat\u00e1<br>17. Valtice, Mikulov, Pavlov, Chaba\u0159e<br>C &nbsp; Moravsk\u00e1 Krumlov, Mikulov, Kyjov, Krom\u011b\u0159\u00ed\u017e<\/p>\n\n\n\n<h3 class=\"wp-block-heading\" id=\"s24\">24. PLZE\u0147\u2013JIH | 20.\u201323. 5. 1982 | Velhartice<\/h3>\n\n\n\n<div class=\"wp-block-image\"><figure class=\"alignright size-full\"><img loading=\"lazy\" decoding=\"async\" width=\"91\" height=\"97\" src=\"https:\/\/takpraha.cz\/wp-content\/uploads\/2021\/10\/24vs.jpg\" alt=\"\" class=\"wp-image-655\"\/><\/figure><\/div>\n\n\n\n<p>1. \u0160vihov, T\u00fdnec, M\u016fstek, Po\u0161ingr\u016fv Dv\u016fr<br>2 . Strakonice, Husinec, Stachy, Dlouh\u00e1 Ves<br>3. Hora\u017e\u010fovice, Toho\u0159ovice, Neurazy, Kolinec<br>4. Klatovy, Nem\u010dice, Chuden\u00edn, Koz\u00ed<br>5. Nepomuk, \u010cerven\u00e9 Po\u0159\u00ed\u010d\u00ed, Uborsko, St\u0159ezim\u011b\u0159<br>6. Hora\u017e\u010fovice, Ma\u010dice, Stachy, Pavl\u00ednov<br>7. B\u0159eznice, Star\u00fd Smolivec, Mysl\u00edv, Zavlekov<br>8. Doma\u017elice, Chodov\u00e1 Lhota, D\u011bpoltice, B\u0159ez\u00ed<br>9. Su\u0161ice, Ka\u0161persk\u00e9 Hory, Srn\u00ed, Clum<br>10. Kdyn\u011b, Bezd\u011bkov, De\u0161enice, Kunkovice<br>11. Su\u0161ice, Ubyslav, Filipova Hu\u0165, \u0160t\u011bpanice<br>12. Ejpovice, P\u0159e\u0161tice, Bole\u0161iny, Hory Matky Bo\u017e\u00ed<br>13. Volary, Vimperk, Kvilda, Hartmanice<br>14. Nepomuk, Chanovice, Volenice, Rab\u00ed<br>15. Kasejovice, Kl\u00e1\u0161ter u Nepomuku, Pl\u00e1nice, Hr\u00e1dek u Su\u0161ice<br>16. Doma\u017elice, Kdyn\u011b, Milenice, Vrhave\u010d<br>17. Horn\u00ed Vltavice, Ka\u0161persk\u00e9 Hory, Su\u0161ice<br>C &nbsp; Doma\u017elice, Tachov, Doma\u017elice, Klatovy<br>E &nbsp; Doma\u017elice, Kdyn\u011b, Str\u00e1\u017ekov, Javorn\u00e9<\/p>\n\n\n\n<h3 class=\"wp-block-heading\" id=\"s25\">25. MAL\u00c1 FATRA | 1.\u20135. 10. 1983 | Likav\u00e1 u Ro\u017emberoka<\/h3>\n\n\n\n<div class=\"wp-block-image\"><figure class=\"alignright size-full\"><img loading=\"lazy\" decoding=\"async\" width=\"71\" height=\"96\" src=\"https:\/\/takpraha.cz\/wp-content\/uploads\/2021\/10\/25vs.jpg\" alt=\"\" class=\"wp-image-657\"\/><\/figure><\/div>\n\n\n\n<p>1. Martin, Bory\u0161ov, Smerkovice, Jazierce<br>2. \u017dilina, Luboch\u0148a, Luboch\u0148a, Luboch\u0148a<br>3. Liptovsk\u00fd Mikul\u00e1\u0161, Magurka, Slia\u010de<br>4. Pov\u00e1\u017esk\u00e1 Tepl\u00e1, Sulov, Kamenn\u00e1 Poruba, Oravsk\u00e1 Poruba<br>5. Doln\u00fd Hermanec, Moty\u010dky, Liptovsk\u00e1 Lu\u017en\u00e1, Liptovsk\u00e1 \u0160tiavni\u010dka<br>6. Ru\u017eomberok, Magurka, Liptovsk\u00fd Hr\u00e1dok<br>7. Kralovany, Z\u00e1zriv\u00e1, Hru\u0161t\u00edn, Jasenov\u00e1<br>8. Stre\u010dno, chata pod Sokol\u00edm, Dierov\u00e1, Dierov\u00e1<br>9. \u017dilina, Bel\u00e1, Lomn\u00e1, Doln\u00fd Kub\u00edn<br>10. \u0160\u00fatov, chata pod Sokol\u00edm, \u0160tefanovo, Komiatn\u00e1<br>11. Liptovsk\u00fd Mikul\u00e1\u0161, Ben\u00edky, Ben\u00edky, Ben\u00edky<br>12. Liptovsk\u00fd Mikul\u00e1\u0161, \u010cervenec, \u010cervenec, \u010cervenec<br>13. Doln\u00fd Harmanec, Nemeck\u00e1, Piesok, Liptovsk\u00fd Mikul\u00e1\u0161<br>14. Kralovany, Dierov\u00e1, Dierov\u00e1, Dierov\u00e1<br>15. \u0160\u00fatovo &#8211; chata pod Sokol\u00edm. ch. pod Sokol\u00edm., chata pos Such\u00fdm<br>16. Ru\u017eomberok, Jazierce, Jazierce, Jazierce<br>17. Stre\u010dno, chata pod Chliebom, Zazriv\u00e9, Oravsk\u017e Podz\u00e1mok<br>C &nbsp; \u017dilina, Zazriv\u00e9, Oravsk\u00e1 Lesn\u00e1, Doln\u00fd Kub\u00edn<br>E &nbsp; Oravsk\u00fd Podz\u00e1mok, chata pod Kub\u00ednskou holou, Zazriv\u00e9, Luboch\u0148a<\/p>\n\n\n\n<h3 class=\"wp-block-heading\" id=\"s26\">26. SEVEREM | 5.\u20139. 5. 1984 | \u017dandov<\/h3>\n\n\n\n<div class=\"wp-block-image\"><figure class=\"alignright size-full\"><img loading=\"lazy\" decoding=\"async\" width=\"75\" height=\"96\" src=\"https:\/\/takpraha.cz\/wp-content\/uploads\/2021\/10\/26vs.jpg\" alt=\"\" class=\"wp-image-656\"\/><\/figure><\/div>\n\n\n\n<p>1. Prose\u010d pod Je\u0161t\u011bdem, \u010cern\u00e1 Luo\u017ee, Krompach, Nov\u00fd Bor<br>2. Holany, Sloup v \u010cech\u00e1ch, Kytlice, Slune\u010dn\u00e1<br>3. Altendorf (NDR), H\u0159ensko, V\u0161emily, Slune\u010dn\u00e1<br>4. Lesn\u00e9 u Ji\u0159et\u00edna, Prysk, Bynovec, Lesn\u00e1 u D\u011b\u010d\u00edna<br>5. Vansdorf 2\u00d7, K\u0159e\u010dany, Ch\u0159ibsk\u00e1<br>6. Ho\u0159en\u00ed Paseky, Hr\u00e1dek, Rybni\u0161t\u011b, Nov\u00fd Old\u0159ichov<br>7. Mezn\u00ed Louka, Doubice, Doln\u00ed Sv\u011btl\u00e1, Pr\u00e1che\u0148<br>8. &#8211; ? &#8211;<br>9. Janov u Slune\u010dn\u00e9, Doln\u00ed Sv\u011btl\u00e1, Janov u Slune\u010dn\u00e9, Krava\u0159e<br>10. Mikul\u00e1\u0161ovice, Sloup v \u010cech\u00e1ch<br>11. \u017del\u00edzy, Nov\u00e1 Ole\u0161ka, Pr\u00e1che\u0148, Holany<br>12. Lev\u00edn, Ostr\u00e9, Holany, Valte\u0159ice<br>13. Janov, Kunratice, Svor, Stvol\u00ednky<br>14. B\u00edl\u00fd Potok, Vaclavice, Vansdorf, Sloup v \u010cech\u00e1ch<br>15. Hr\u00e1dek nad Nisou, Hr\u00e1dek nad Nisou, Ma\u0159enice, Okrouhl\u00e1<br>16. H\u0159ensko, Srbsk\u00e1 Kamenice, Manu\u0161ice<br>17. Ch\u0159ibsk\u00e1, Svor, Sloup, Pr\u00e1che\u0148<br>18. Labsk\u00e1 Str\u00e1\u0148, H\u0159ensko, Mezn\u00e1, Srbsk\u00e1 Kamenice<br>C &nbsp; Dub\u00e1, Kaltenstein (NDR), Panschwitz (NDR), H\u0159ensko<\/p>\n\n\n\n<h3 class=\"wp-block-heading\" id=\"s27\">27. JAVORN\u00cdKY | 26.\u201329. 9. 1985 | \u010cadca<\/h3>\n\n\n\n<div class=\"wp-block-image\"><figure class=\"alignright size-full\"><img loading=\"lazy\" decoding=\"async\" width=\"94\" height=\"96\" src=\"https:\/\/takpraha.cz\/wp-content\/uploads\/2021\/10\/27vs.jpg\" alt=\"\" class=\"wp-image-658\"\/><\/figure><\/div>\n\n\n\n<p>1. Ko\u0161eck\u00e9 Rovn\u00e9, Pov\u00e1\u017esk\u00e1 Tepl\u00e1, S\u00falov<br>2. Vsack\u00fd C\u00e1b, St\u0159e\u0161t\u00edk, Vysok\u00e1 nad Kysucou<br>3. Horn\u00e1 M\u00e1rikov\u00e1, Kas\u00e1rna, Semetes<br>4. Lysica, Nov\u00e1 Bystrica, O\u0161\u010dadnica<br>5. Ro\u017enov pod Radho\u0161t\u011bm, Nov\u00fd Hrozenkov, Makov<br>6. Pustevny, Ostravice, Kone\u010dn\u00e1<br>7. S\u00falov, \u0160tiavn\u00edk, Dlh\u00e9 Pole<br>8. Velk\u00e9 Karlovice, Bumb\u00e1lka, Pod Kone\u010dnou<br>9. Skalit\u00e9, chata Na Ra\u010di, chata Na Ra\u010di<br>10. Nov\u00e1 Bystrica, chata Jedlovina, Dlh\u00e9 Pole<br>11. Luti\u0161e, O\u0161\u010dadnica, Jabl\u016fnkov\u00e1<br>12. Kru\u0161tenica, Star\u00fd Bystrica, Z\u00e1kop\u010die<br>13. Mor\u00e1vka, Star\u00e9 Hamry, Makov<br>14. Lichnov, Prost\u0159edn\u00ed Be\u010dva, Makov<br>15. Horn\u00ed Lomn\u00e1, chata ba Beskyd\u011b<br>16. Velk\u00e9 Karlovice, Jezern\u00e9, Makov<br>17. Port\u00e1\u0161, Bumb\u00e1lka, Pod Kon\u011b\u010dnou<br>18. Doln\u00e1 Marikov\u00e1, Makov, Dlh\u00e9 Pole<br>C &nbsp; Tren\u010d\u00edn, Vrcovice, Ro\u017enov pod Radho\u0161t\u011bm<\/p>\n\n\n\n<h3 class=\"wp-block-heading\" id=\"s28\">28. PLZE\u0147\u2013SEVER | 7.\u201311. 5. 1986 | \u017dlutice<\/h3>\n\n\n\n<div class=\"wp-block-image\"><figure class=\"alignright size-full\"><img loading=\"lazy\" decoding=\"async\" width=\"79\" height=\"96\" src=\"https:\/\/takpraha.cz\/wp-content\/uploads\/2021\/10\/28vs.jpg\" alt=\"\" class=\"wp-image-661\"\/><\/figure><\/div>\n\n\n\n<p>1. Trnov\u00e1, Blatno, Potvorov<br>2. \u017dlutice, Rab\u0161tejn, Plasy, Kozojedy<br>3. V\u0161ehrdy, Neb\u0159eziny, Na poustk\u00e1ch, Hr\u00e1dek u Man\u011bt\u00edna<br>4. Hracholusky, Okrouhl\u00e9 Hradi\u0161t\u011b &#8211; Krsy, P\u0161ov<br>5. Chr\u00e1st, Mle\u010dice, \u017debnice, Chy\u0161e<br>6. \u017dloukovice, Skryje, Kozojedy, Mladotice<br>7. T\u00fdnec u Plan\u00e9, Ovesn\u00e9 Kladruby, T\u0159ebou\u0148, Novosedly<br>8. Ot\u00edn, Ot\u00edn, Bezv\u011brov, Man\u011bt\u00edn<br>9. P\u0159\u00ed\u010dina, Ko\u017elany, Plasy, Stvolny<br>10. Ko\u0161atice, T\u0159ebou\u0148, Pl\u00e1n\u011b, Vlko\u0161ov<br>11. Ko\u0161atice, Bezv\u011brov, Bu\u010d<br>12. Loket, Kr\u00e1sno, Otro\u010d\u00edn, Vlko\u0161ov<br>13. \u00dajezd u Radnic, Neb\u0159e\u017einy, Hr\u00e1dek u Man\u011bt\u00edna, P\u0161ov<br>14. \u010cerno\u0161\u00edn, Tepl\u00e1, Pol\u00ednky<br>15. Svoj\u0161\u00edn, Lestkov, Okrouhl\u00e9 Hradi\u0161t\u011b, Tou\u017eim<br>16. Bu\u010d\u00ed, B\u0159ez\u00ed, Chy\u0161e<br>17. Kladruby, \u010cerno\u0161\u00edn, \u00dater\u00fd, \u0160t\u011bdr\u00e1<br>18. T\u00fd\u0159ovice, Zv\u00edkovec,, Kopidlo, \u00dajezd u Man\u011bt\u00edna<br>C &nbsp; Zv\u00edkovec, Plasy, \u00dajezd u Man\u011bt\u00edna<\/p>\n\n\n\n<h3 class=\"wp-block-heading\" id=\"s29\">29. SLEZSKO | 1.\u20134. 10. 1987 | hrad Vik\u0161tejn<\/h3>\n\n\n\n<div class=\"wp-block-image\"><figure class=\"alignright size-full\"><img loading=\"lazy\" decoding=\"async\" width=\"74\" height=\"97\" src=\"https:\/\/takpraha.cz\/wp-content\/uploads\/2021\/10\/29vs.jpg\" alt=\"\" class=\"wp-image-660\"\/><\/figure><\/div>\n\n\n\n<p>1. Kru\u017eberk, V\u00edtkov, &#8211; Podhrad\u00ed, V\u00edtkov &#8211; Podhrad\u00ed<br>2. Hradec nad Moravic\u00ed, Nov\u00fd Dv\u016fr, Z\u00e1lu\u017en\u00e9<br>3. Sovinec, Det\u0159ichov nad Byst\u0159ic\u00ed, Kru\u017eberk<br>4. Sp\u00e1lov, \u010cermn\u00e1, J\u00e1nsk\u00e9 koupele<br>5. Paseka, D\u011bt\u0159ichov nad Byst\u0159ic\u00ed, Budi\u0161ov nad Budi\u0161ovkou<br>6. Horn\u00ed M\u011bsto, K\u0159i\u0161\u0165anovice, Moravice<br>7. Karlovice, Horn\u00ed Bene\u0161ov, V\u00edtkov<br>8. Horn\u00ed Bene\u0161ov, Doln\u00ed \u017ditovice, V\u00edtkov<br>9. Mok\u0159inky, Hradec nad Moravic\u00ed, Mok\u0159inky<br>10. \u017dimrovice, Mladensko, Z\u00e1lu\u017en\u00e9<br>11. Pisko\u0159ice, Sosnov\u00e1, Ho\u0159ej\u0161\u00ed Kun\u010dice<br>12. T\u011b\u0161kovice, \u017dimrovice, Podhrad\u00ed<br>13. Mexiko, Hrabstv\u00ed, \u017dimrovice<br>14. Bravinn\u00e9, Kletn\u00e9, Sp\u00e1lov<br>15. V\u00edtkov &#8211; Podhrad\u00ed, Star\u00e9 Old\u0159\u016fvky, Kloko\u010dov<br>16. Roudno, Dvorce, Kru\u017eberk<br>17. Karlov, Z\u00e1tor, Mladecko<br>18. Hrub\u00e1 Voda, Moravsk\u00fd Beroun,, Dru\u017estevn\u00ed Ml\u00fdn<br>C &nbsp; Wroclav (PLR), Opole, Krnov<\/p>\n\n\n\n<h3 class=\"wp-block-heading\" id=\"s30\">30. VYSO\u010cINOU | 5.\u20139. 5. 1988 | Byst\u0159ice nad Pern\u0161tejnem<\/h3>\n\n\n\n<div class=\"wp-block-image\"><figure class=\"alignright size-full\"><img loading=\"lazy\" decoding=\"async\" width=\"128\" height=\"81\" src=\"https:\/\/takpraha.cz\/wp-content\/uploads\/2021\/10\/30vs.jpg\" alt=\"\" class=\"wp-image-662\"\/><\/figure><\/div>\n\n\n\n<p>1. \u010cern\u00e1 Hora, \u010cern\u00e1 hora, \u010cern\u00e1 Hora, Vrt\u011b\u017e\u00ed\u0159<br>2. Jedovnice, Sloup, Lysice, Nedv\u011bdice<br>3. \u010cesk\u00fd Her\u00e1lec, \u0160krdlovice, Fry\u0161ava, Rade\u010d\u00edn<br>4. P\u0159\u00edbram u Rosic, Debl\u00edn, K\u0159eptov, Br\u0165ov\u00ed<br>5. Blansko, Sloup, Kun\u0161t\u00e1t, Nedv\u011bdice<br>6. Bor u Skut\u010de, Sn\u011b\u017en\u00e9, Byst\u0159ice nad Pern\u0161t\u00fdnem, Byst\u0159ice nad Pern\u0161t\u00fdnem<br>7. Jedovnice, Konice, Kun\u0161t\u00e1t, Byst\u0159ice nad Pern\u0161tejnem<br>8. Fry\u0161ava, Nov\u00e9 M\u011bsto, Byst\u0159ice nad Pern\u0161tejnem, Nedv\u011bdice<br>9. \u0160ebetov, K\u0159et\u00edn, Korouhvice, Bystr\u00e9<br>10. Adamov, Otinoves, Dlouh\u00e1 Lhota, Uj\u010dov<br>11. Blansko, Boskovice, Kun\u0161t\u00e1t, Byst\u0159ice nad Pern\u0161tejnem<br>12. Ochoz u Brna, Senet\u00e1\u0159ov, \u010cern\u00e1 Hory, \u0160t\u011bp\u00e1nov nad S\u00e1zavou<br>13. Studnice, K\u0159i\u017e\u00e1nky, Jimramov, V\u00edr<br>14. La\u017e\u00e1nky, Petrovice, Drnovice, Ole\u0161nice<br>15. Rudice, Rudice, Koz\u00e1rov, V\u011b\u017en\u00e1<br>16. Ti\u0161nov, K\u0159i\u017eanov, Her\u00e1lec, Byst\u0159ice nad Pern\u0161tejnem<br>17. Blatiny, Polni\u010dka, Rokytno, Dale\u010d\u00edn<br>18. \u017dd\u00edrec nad Doubravic\u00ed, \u010cesk\u00fd Her\u00e1lec, L\u00ed\u0161ek, V\u00edr<br>C &nbsp; Kyjov, Blansko, Hlinsko, Ti\u0161nov<\/p>\n\n\n\n<h3 class=\"wp-block-heading\" id=\"s31\">31. CHODSKO | 5.\u20138. 10. 1989 | R\u00fdzmburk<\/h3>\n\n\n\n<div class=\"wp-block-image\"><figure class=\"alignright size-full\"><img loading=\"lazy\" decoding=\"async\" width=\"57\" height=\"96\" src=\"https:\/\/takpraha.cz\/wp-content\/uploads\/2021\/10\/31vs.jpg\" alt=\"\" class=\"wp-image-663\"\/><\/figure><\/div>\n\n\n\n<p>1. Babylon, Babylon, Babylon<br>2. Doma\u017elice, Capartice, Mr\u00e1kov<br>3. \u00dabasko, Chuden\u00edn, \u00dasilov<br>4. Nov\u00fd Kramol\u00edn, Tluma\u010dov, H\u00e1jek (Br\u016fdek)<br>5. Klatovy, Str\u00e1\u017eov, Brn\u00ed\u0159ov<br>6. B\u011bl\u00e1, Post\u0159ekov, Pase\u010dnice<br>7. Milav\u010de, Trhanov, Br\u016fdek&nbsp;<br>8. Doma\u017elice, Chudenice, Chodsk\u00e1 Lhota<br>9. St\u0159\u00edbro, Sta\u0148kov, Pob\u011b\u017eovice<br>10. Doma\u017elice, Post\u0159ekov, V\u0161eruby<br>11. Hor\u0161ovsk\u00fd T\u00fdn, Mezholezy, Kdyn\u011b<br>12.. B\u011bl\u00e1 nad Radbuzou, Capartice, Kout na \u0160umav\u011b<br>13. Pivo\u0148, Pase\u010dnice, Hyr\u0161ov<br>14. Star\u00e9 Sedlo, Semn\u011bvice, Post\u0159ekov<br>15. Kopec u Prostibo\u0159e, B\u011bl\u00e1 nad Radbuzou, Mr\u00e1kov<br>16. Mnichov, \u010cesk\u00e1 Kubice, Star\u00fd Kl\u00ed\u010dov<br>17. Stod, Bl\u00ed\u017eejov, Lou\u010dim<br>18. Hora\u017e\u010fovice, Janovice, Kdyn\u011b<br>C &nbsp; P\u0159e\u0161tice, Nepomuk, Klatovy&nbsp; &nbsp; &nbsp; &nbsp; &nbsp; &nbsp; &nbsp; &nbsp; <\/p>\n\n\n\n<div class=\"wp-block-buttons is-layout-flex wp-block-buttons-is-layout-flex\">\n<div class=\"wp-block-button\"><a class=\"wp-block-button__link\" href=\"https:\/\/takpraha.cz\/index.php\/historie-stezek-1970-1979\/\">\u00ab 1970\u20131979<\/a><\/div>\n\n\n\n<div class=\"wp-block-button is-style-fill\"><a class=\"wp-block-button__link\" href=\"https:\/\/takpraha.cz\/index.php\/historie-stezek-1990-1999\/\">1990\u20131999 \u00bb<\/a><\/div>\n<\/div>\n","protected":false},"excerpt":{"rendered":"<p>Velk\u00e9 Stezky 1980\u20131989 22. PODKRKONO\u0160\u00cd | 8.\u201311. 5. 1980 | Pecka 1. Semily, Vyske\u0159, Mlad\u011bjov, Ko\u0161ov2. Nov\u00e1 Paka, Vl\u010dice, Vl\u010dkovice,<\/p>\n","protected":false},"author":2,"featured_media":0,"parent":0,"menu_order":3,"comment_status":"closed","ping_status":"closed","template":"page-templates\/page-without-title.php","meta":{"colormag_page_layout":"default_layout","inline_featured_image":false,"ngg_post_thumbnail":0,"footnotes":""},"class_list":["post-646","page","type-page","status-publish","hentry"],"_links":{"self":[{"href":"https:\/\/takpraha.cz\/index.php\/wp-json\/wp\/v2\/pages\/646","targetHints":{"allow":["GET"]}}],"collection":[{"href":"https:\/\/takpraha.cz\/index.php\/wp-json\/wp\/v2\/pages"}],"about":[{"href":"https:\/\/takpraha.cz\/index.php\/wp-json\/wp\/v2\/types\/page"}],"author":[{"embeddable":true,"href":"https:\/\/takpraha.cz\/index.php\/wp-json\/wp\/v2\/users\/2"}],"replies":[{"embeddable":true,"href":"https:\/\/takpraha.cz\/index.php\/wp-json\/wp\/v2\/comments?post=646"}],"version-history":[{"count":5,"href":"https:\/\/takpraha.cz\/index.php\/wp-json\/wp\/v2\/pages\/646\/revisions"}],"predecessor-version":[{"id":673,"href":"https:\/\/takpraha.cz\/index.php\/wp-json\/wp\/v2\/pages\/646\/revisions\/673"}],"wp:attachment":[{"href":"https:\/\/takpraha.cz\/index.php\/wp-json\/wp\/v2\/media?parent=646"}],"curies":[{"name":"wp","href":"https:\/\/api.w.org\/{rel}","templated":true}]}}