{"id":87,"date":"2021-11-26T09:59:00","date_gmt":"2021-11-26T08:59:00","guid":{"rendered":"http:\/\/www.takpraha.cz\/wp\/?page_id=87"},"modified":"2021-11-26T22:54:24","modified_gmt":"2021-11-26T21:54:24","slug":"o-nas","status":"publish","type":"page","link":"https:\/\/takpraha.cz\/index.php\/o-nas\/","title":{"rendered":"Vznik a po\u010d\u00e1tky"},"content":{"rendered":"\n<div class=\"wp-block-media-text alignwide is-stacked-on-mobile\"><figure class=\"wp-block-media-text__media\"><img loading=\"lazy\" decoding=\"async\" width=\"820\" height=\"553\" src=\"https:\/\/takpraha.cz\/wp-content\/uploads\/2021\/11\/180508002.jpg\" alt=\"\" class=\"wp-image-1068 size-full\" srcset=\"https:\/\/takpraha.cz\/wp-content\/uploads\/2021\/11\/180508002.jpg 820w, https:\/\/takpraha.cz\/wp-content\/uploads\/2021\/11\/180508002-300x202.jpg 300w, https:\/\/takpraha.cz\/wp-content\/uploads\/2021\/11\/180508002-768x518.jpg 768w\" sizes=\"auto, (max-width: 820px) 100vw, 820px\" \/><\/figure><div class=\"wp-block-media-text__content\">\n<h5 class=\"wp-block-heading\"><strong><span style=\"color:#6ea4b5\" class=\"has-inline-color\">Co je Stezka?<\/span><\/strong><\/h5>\n\n\n\n<p>\u00bb Odpov\u011b\u010f na vol\u00e1n\u00ed divo\u010diny<br>\u00bb Nad\u011bje, l\u00e1ska a v\u00edra<br>\u00bb Fyzick\u00e1 n\u00e1maha a duchovn\u00ed povznesen\u00ed<br>\u00bb Radost ze slunce a de\u0161t\u011b<br>\u00bb Spole\u010densk\u00e1 ud\u00e1lost<br>\u00bb Stres pro ledviny a hlasivky<br>\u00bb V\u00fdbuch \u010dehokoli<br>\u00bb L\u00e9k proti pesimismu<br>\u00bb N\u00e1vrat do hlubin studentsk\u00e9 du\u0161e<br>\u00bb Spac\u00e1k, pohorky a kytara<br>\u00bb Vykapan\u00e1 kabelka<br>\u00bb Pramen p\u0159\u00e1tel<br>\u00bb Kr\u00e1sn\u011b naserv\u00edrovan\u00e1 d\u0159ina<\/p>\n<\/div><\/div>\n\n\n\n<figure class=\"wp-block-pullquote\"><blockquote><p>Stezka se ned\u00e1 popsat slovy, Stezka se mus\u00ed za\u017e\u00edt!<\/p><\/blockquote><\/figure>\n\n\n\n<h5 class=\"wp-block-heading\"><strong><span style=\"color:#6ea4b5\" class=\"has-inline-color\">Vznik a po\u010d\u00e1tky TAK<\/span><\/strong><\/h5>\n\n\n\n<p>P\u00ed\u0161e se za\u010d\u00e1tek 60. let, studenti nastupuj\u00ed do studia na Fakult\u011b strojn\u00ed VUT v Praze.&nbsp;Studen\u00e1 v\u00e1lka odt\u00e1v\u00e1.&nbsp;Zde m\u016f\u017eeme naj\u00edt ko\u0159eny toho, co bylo pozd\u011bji naz\u00fdv\u00e1no \u201eD\u00e9tente\u201c.<\/p>\n\n\n\n<p>P\u0159i t\u011bchto ud\u00e1lostech jsou p\u0159isti\u017eeni chlapci-nebydl\u00edc\u00ed ve Studentsk\u00e9 ubytovn\u011b Hl\u00e1vkova a Podolsk\u00e1.&nbsp;Ze dne na den ve velkom\u011bst\u011b s\u00e1m na v\u0161echno, od napln\u011bn\u00ed \u017ealudku a\u017e po deset zkou\u0161ek prvn\u00edho ro\u010dn\u00edku.&nbsp;Nas\u00e1vaj\u00ed atmosf\u00e9ru divadla Semafor, pivnice U Flek\u016f, tan\u010d\u00ed, hraj\u00ed fotbal a mari\u00e1\u0161.&nbsp;P\u0159\u00ed\u0161t\u00ed rok najdou staronov\u00e9 kamar\u00e1dy v hospod\u011b &#8222;Na Sibi\u0159i&#8220;.&nbsp;\u017divot nen\u00ed jen boj, ale i hled\u00e1n\u00ed a tvo\u0159en\u00ed radosti.<\/p>\n\n\n\n<p>Na podzim roku 1962 se v\u011bci d\u00e1vaj\u00ed do pohybu, kdy\u017e je uzav\u0159ena \u010cesko-polsk\u00e1 \u00famluva o mal\u00fdch pohrani\u010dn\u00edch styc\u00edch a p\u00e1r p\u0159\u00e1tel odj\u00ed\u017ed\u00ed k jubileu do nezn\u00e1ma &#8220; X. Og\u00f3lnopolski rajd studentsski\u201c.&nbsp;Kr\u00e1sn\u00e1 atmosf\u00e9ra, do t\u00e9 doby nezn\u00e1m\u00e1, \u017eene kluky do akce i doma, ale iniciativa jejich posledn\u00edch ro\u010dn\u00edk\u016f kon\u010d\u00ed diplomem.&nbsp;Na podzim 1963 se kon\u00e1 dal\u0161\u00ed, v po\u0159ad\u00ed ji\u017e t\u0159et\u00ed slet, kter\u00e9ho se na\u0161i studenti \u00fa\u010dastn\u00ed.&nbsp;Vytvo\u0159\u00ed se n\u011bkolik skupin, kter\u00e9 se spole\u010dn\u011b vydaj\u00ed do hor.&nbsp;Pod z\u00e1\u0161titou \u010cSM (\u010ceskoslovensk\u00e9ho svazu ml\u00e1de\u017ee) dos\u00e1hnou dobr\u00e9ho postaven\u00ed na fakult\u011b a jsou zv\u00e1ni na kolegium d\u011bkana, Tonda Rosick\u00fd jako z\u00e1stupce t\u0159\u00eddy, Va\u0161ek Kobylka jako m\u00edstop\u0159edseda fakultn\u00edho v\u00fdboru a zakl\u00e1daj\u00ed \u00fazk\u00e9 smlouvy s Radou studentsk\u00fdch ubytoven v Podol\u00ed.&nbsp;Posjezdovou iniciativu p\u0159eb\u00edr\u00e1 Honza Nov\u00e1k.&nbsp;Na srazy ve Studentsk\u00e9 ubytovn\u011b Podol\u00ed p\u0159ich\u00e1zej\u00ed i dal\u0161\u00ed lid\u00e9, aby vid\u011bli sv\u00e9 zn\u00e1m\u00e9 z m\u00edtink\u016f.&nbsp;Dohodneme se na z\u00e1sad\u00e1ch \u010dinnosti a form\u00e1ln\u00ed organizaci klubu.&nbsp;P\u0159ij\u00edm\u00e1me n\u00e1zev \u201eTuristick\u00fd akademick\u00fd klub\u201c \u2013 TAK (podle polsk\u00e9ho \u201eAkademicki klub turystyczny\u201c \u2013 AKT).&nbsp;<\/p>\n\n\n\n<p>V roce 1964 schvaluje fakultn\u00ed v\u00fdbor \u010ceskoslovensk\u00e9ho svazu ml\u00e1de\u017ee stanovy TAK.&nbsp;Prvn\u00ed akce se po\u0159\u00e1d\u00e1 na ja\u0159e 1964 v Krkono\u0161\u00edch a Jen\u00edk zde poprv\u00e9 vyslovuje slovo &#8222;STEZKA&#8220;.&nbsp;V t\u00e9 dob\u011b m\u00e1me tak\u00e9 n\u011bjak\u00e9 pen\u00edze, kter\u00e9 m\u016f\u017eeme ulo\u017eit na vlastn\u00ed \u00fa\u010det.&nbsp;Prvn\u00ed \u010dty\u0159i trasy za\u010d\u00ednaj\u00ed svou \u010dinnost.&nbsp;<\/p>\n\n\n\n<h5 class=\"wp-block-heading\"><strong><span style=\"color:#6ea4b5\" class=\"has-inline-color\">Hled\u00e1me identitu<\/span><\/strong><\/h5>\n\n\n\n<p>Prvn\u00ed obdob\u00ed \u010dinnosti TAK je zna\u010dn\u011b ovlivn\u011bno polsk\u00fdm p\u0159\u00edkladem.&nbsp;Se studenty vratislavsk\u00e9 polytechniky udr\u017eujeme velmi \u00fazk\u00e9 p\u0159\u00e1telsk\u00e9 vztahy.&nbsp;\u010cerp\u00e1me z rad a zku\u0161enost\u00ed Franceka Kawcy\u0148sk\u00e9ho, Marka Wilczy\u0148sk\u00e9ho a legend\u00e1rn\u00ed d\u00edvky Jagody.<\/p>\n\n\n\n<p>Organizace prvn\u00edch Stezek nezp\u016fsobuje \u017e\u00e1dn\u00e9 probl\u00e9my, proto\u017ee se akce \u00fa\u010dastn\u00ed m\u00e1lo lid\u00ed.&nbsp;Ubytov\u00e1n\u00ed je zaji\u0161\u0165ov\u00e1no osobn\u011b, korespondence a dohody jsou na formul\u00e1\u0159i v\u00fdboru fakulty, vlak nen\u00ed nutn\u00e9 objedn\u00e1vat.&nbsp;Nej\u010dast\u011bji vyu\u017e\u00edv\u00e1me no\u010dn\u00ed vlak &#8222;Flamendr expres&#8220;, legend\u00e1rn\u00ed vlak vyj\u00ed\u017ed\u011bj\u00edc\u00ed kolem p\u016flnoci z dnes ji\u017e neexistuj\u00edc\u00edho n\u00e1dra\u017e\u00ed Praha -T\u011b\u0161nov.<\/p>\n\n\n\n<p>Odznaky jsou probl\u00e9m.&nbsp;V\u00fdroba odznak\u016f ve Znaku je vzhledem k mal\u00fdm s\u00e9ri\u00edm n\u00e1kladn\u00e1 a tak vyu\u017e\u00edv\u00e1me fakultn\u00ed d\u00edlny &#8211; t\u0159i p\u016fldny pr\u00e1ce a nad\u0161en\u00ed ka\u017ed\u00e9ho z n\u00e1s.<br>Po\u010das\u00ed na prvn\u00ed Stezku nen\u00ed dobr\u00e9, ale Stezka dosahuje nejv\u011bt\u0161\u00ed hustoty strojn\u00edch in\u017een\u00fdr\u016f na metr \u010dtvere\u010dn\u00ed &#8211; 116 osob a batoh\u016f v Krkono\u0161\u00edch.<br>Sl\u00e1va prvn\u00ed Cesty se rychle \u0161\u00ed\u0159\u00ed a p\u0159in\u00e1\u0161\u00ed sv\u00e9 ovoce.&nbsp;P\u016fj\u010dka Rady studentsk\u00fdch ubytoven se m\u011bn\u00ed v dotaci, na Karlov\u011b n\u00e1m\u011bst\u00ed je vitr\u00edna s reklamn\u00edmi materi\u00e1ly TAK, Rada studentsk\u00fdch ubytoven n\u00e1m prop\u016fj\u010duje sklepn\u00ed m\u00edstnost na klubovnu a prvn\u00ed Pra\u017ean\u00e9, kte\u0159\u00ed na studentsk\u00e9 ubytovn\u011b nebydl\u00ed, jsou p\u0159ich\u00e1zet na sch\u016fzky.&nbsp;Od trasy \u010d. 1 se odd\u011bluje trasa \u010d. 5, od trasy \u010d. 4 trasa \u010d. 6.<\/p>\n\n\n\n<p>Prvn\u00ed DEZOB v roce 1968 se jmenuje \u201eDezorienta\u010dn\u00ed b\u011bh no\u010dn\u00ed Prahou\u201c, pozd\u011bji p\u0159ij\u00edm\u00e1me jeho p\u0159eklad jako \u201eDezorienta\u010dn\u00ed b\u011bh na Malou Stranu\u201c.&nbsp;24. \u00fanora 1970 je schv\u00e1lena \u017e\u00e1dost o p\u0159evod na \u010cTO (\u010cesk\u00fd svaz turist\u016f), tak\u017ee se jmenujeme TJ TAK.&nbsp; N\u00e1sleduje prvn\u00ed spolupr\u00e1ce s NOHYB (zalo\u017eena v roce 1969) a n\u00e1zev &#8222;Model Group&#8220;.&nbsp;V roce 1972 po\u0159\u00e1d\u00e1me prvn\u00ed ples na pra\u017esk\u00e9m \u017dof\u00edn\u011b.&nbsp;Vznik\u00e1 z\u00e1klad PANTAKOVKY a prvn\u00ed akce toho jm\u00e9na se kon\u00e1 v Sob\u011bslavi v roce 1973.  S na\u0161imi prvn\u00edmi miminky p\u0159ich\u00e1z\u00ed prvn\u00ed sraz ko\u010d\u00e1rk\u016f, tak\u00e9 v roce 1973. &nbsp;N\u00e1sleduj\u00ed dv\u011b Trat\u011b b\u011b\u017eka\u0159\u016f proti sob\u011b a tak\u00e9 prvn\u00ed Sout\u011b\u017e ROUTE BANDS, ka\u017ed\u00fd rok s hostem (M\u00edle, Chudinkov\u00e9 W. Ryvola).&nbsp; V zim\u011b 1977 po\u0159\u00e1d\u00e1me prvn\u00ed NORA (zimn\u00ed v\u00edkend s ubytov\u00e1n\u00edm pod \u0161ir\u00fdm nebem, na sn\u011bhu).&nbsp;<\/p>\n\n\n\n<p>Na\u0161e d\u011bti rostou a od roku 1978 existuj\u00ed &#8222;Byst\u0159i\u010dky&#8220; (letn\u00ed t\u00e1bor pro d\u011bti a jejich rodi\u010de), od roku 1980 &#8222;\u010e\u00e1bl\u00edk&#8220; (letn\u00ed t\u00e1bor), d\u011btsk\u00e9 v\u00fdlety a dal\u0161\u00ed aktivity TOM (Turistick\u00e1 skupina ml\u00e1de\u017ee v r\u00e1mci TJ TAK, zalo\u017een\u00e1 v roce 1978).&nbsp; <\/p>\n\n\n\n<p>V roce 1979 se st\u00e1v\u00e1 p\u0159edsedou TAK Tom\u00e1\u0161 H\u00e4ckl a po\u0159\u00e1d\u00e1me prvn\u00ed sout\u011b\u017e Tra\u0165ov\u00fdch kapel.&nbsp;V roce 1980 po\u0159\u00e1d\u00e1me prvn\u00ed LESN\u00cd HRY.&nbsp;Sout\u011b\u017ee se ka\u017ed\u00fdm rokem m\u011bn\u00ed, ale klasikou se st\u00e1vaj\u00ed &#8222;Dr. Vo\u0161t\u011bp&#8220;, &#8222;Prometheova regata&#8220; (p\u016fsobiv\u00fd no\u010dn\u00ed z\u00e1vod s ho\u0159\u00edc\u00edmi pochodn\u011bmi) a &#8222;No\u010dn\u00ed lov&#8220;.&nbsp;Od roku 1987 po\u0159\u00e1d\u00e1me ka\u017edoro\u010dn\u011b &#8222;V\u00cdT\u00c1N\u00cd L\u00c9TA&#8220; v pra\u017esk\u00e9m parku Vojanovy sady.&nbsp;Je to setk\u00e1n\u00ed Route Bands a dobrot, v\u011bt\u0161inou i dobr\u00e9ho po\u010das\u00ed.<\/p>\n\n\n\n<blockquote class=\"wp-block-quote is-layout-flow wp-block-quote-is-layout-flow\"><p><strong>Ta kr\u00e1sn\u00e1 akce, o kter\u00e9 mluv\u00edme, se jmenuje STEZKA &#8211; u\u017e mnoho let m\u011b p\u0159i vysloven\u00ed tohoto slova p\u0159\u00edjemn\u011b vzru\u0161uje &#8211; je to vzru\u0161en\u00ed, kter\u00e9 za\u017e\u00edvaj\u00ed jen mlad\u00ed mu\u017ei p\u0159ed prvn\u00edm rande.<\/strong><br>P\u0159edsedou se stal Ing.&nbsp;J. Koz\u00e1k<\/p><\/blockquote>\n","protected":false},"excerpt":{"rendered":"<p>Co je Stezka? \u00bb Odpov\u011b\u010f na vol\u00e1n\u00ed divo\u010diny\u00bb Nad\u011bje, l\u00e1ska a v\u00edra\u00bb Fyzick\u00e1 n\u00e1maha a duchovn\u00ed povznesen\u00ed\u00bb Radost ze slunce<\/p>\n","protected":false},"author":2,"featured_media":0,"parent":0,"menu_order":0,"comment_status":"closed","ping_status":"closed","template":"","meta":{"colormag_page_layout":"default_layout","inline_featured_image":false,"ngg_post_thumbnail":0,"footnotes":""},"class_list":["post-87","page","type-page","status-publish","hentry"],"_links":{"self":[{"href":"https:\/\/takpraha.cz\/index.php\/wp-json\/wp\/v2\/pages\/87","targetHints":{"allow":["GET"]}}],"collection":[{"href":"https:\/\/takpraha.cz\/index.php\/wp-json\/wp\/v2\/pages"}],"about":[{"href":"https:\/\/takpraha.cz\/index.php\/wp-json\/wp\/v2\/types\/page"}],"author":[{"embeddable":true,"href":"https:\/\/takpraha.cz\/index.php\/wp-json\/wp\/v2\/users\/2"}],"replies":[{"embeddable":true,"href":"https:\/\/takpraha.cz\/index.php\/wp-json\/wp\/v2\/comments?post=87"}],"version-history":[{"count":5,"href":"https:\/\/takpraha.cz\/index.php\/wp-json\/wp\/v2\/pages\/87\/revisions"}],"predecessor-version":[{"id":1423,"href":"https:\/\/takpraha.cz\/index.php\/wp-json\/wp\/v2\/pages\/87\/revisions\/1423"}],"wp:attachment":[{"href":"https:\/\/takpraha.cz\/index.php\/wp-json\/wp\/v2\/media?parent=87"}],"curies":[{"name":"wp","href":"https:\/\/api.w.org\/{rel}","templated":true}]}}

Vznik a počátky

<div class="wp-block-media-text alignwide is-stacked-on-mobile"><figure class="wp-block-media-text__media"><img loading="lazy" decoding="async" width="820" height="553" src="https://takpraha.cz/wp-content/uploads/2021/11/180508002.jpg" alt="" class="wp-image-1068 size-full" srcset="https://takpraha.cz/wp-content/uploads/2021/11/180508002.jpg 820w, https://takpraha.cz/wp-content/uploads/2021/11/180508002-300x202.jpg 300w, https://takpraha.cz/wp-content/uploads/2021/11/180508002-768x518.jpg 768w" sizes="auto, (max-width: 820px) 100vw, 820px" /></figure><div class="wp-block-media-text__content">
<h5 class="wp-block-heading"><strong><span style="color:#6ea4b5" class="has-inline-color">Co je Stezka?</span></strong></h5>



<p>» Odpověď na volání divočiny<br>» Naděje, láska a víra<br>» Fyzická námaha a duchovní povznesení<br>» Radost ze slunce a deště<br>» Společenská událost<br>» Stres pro ledviny a hlasivky<br>» Výbuch čehokoli<br>» Lék proti pesimismu<br>» Návrat do hlubin studentské duše<br>» Spacák, pohorky a kytara<br>» Vykapaná kabelka<br>» Pramen přátel<br>» Krásně naservírovaná dřina</p>
</div></div>



<figure class="wp-block-pullquote"><blockquote><p>Stezka se nedá popsat slovy, Stezka se musí zažít!</p></blockquote></figure>



<h5 class="wp-block-heading"><strong><span style="color:#6ea4b5" class="has-inline-color">Vznik a počátky TAK</span></strong></h5>



<p>Píše se začátek 60. let, studenti nastupují do studia na Fakultě strojní VUT v Praze.&nbsp;Studená válka odtává.&nbsp;Zde můžeme najít kořeny toho, co bylo později nazýváno „Détente“.</p>



<p>Při těchto událostech jsou přistiženi chlapci-nebydlící ve Studentské ubytovně Hlávkova a Podolská.&nbsp;Ze dne na den ve velkoměstě sám na všechno, od naplnění žaludku až po deset zkoušek prvního ročníku.&nbsp;Nasávají atmosféru divadla Semafor, pivnice U Fleků, tančí, hrají fotbal a mariáš.&nbsp;Příští rok najdou staronové kamarády v hospodě &#8222;Na Sibiři&#8220;.&nbsp;Život není jen boj, ale i hledání a tvoření radosti.</p>



<p>Na podzim roku 1962 se věci dávají do pohybu, když je uzavřena Česko-polská úmluva o malých pohraničních stycích a pár přátel odjíždí k jubileu do neznáma &#8220; X. Ogólnopolski rajd studentsski“.&nbsp;Krásná atmosféra, do té doby neznámá, žene kluky do akce i doma, ale iniciativa jejich posledních ročníků končí diplomem.&nbsp;Na podzim 1963 se koná další, v pořadí již třetí slet, kterého se naši studenti účastní.&nbsp;Vytvoří se několik skupin, které se společně vydají do hor.&nbsp;Pod záštitou ČSM (Československého svazu mládeže) dosáhnou dobrého postavení na fakultě a jsou zváni na kolegium děkana, Tonda Rosický jako zástupce třídy, Vašek Kobylka jako místopředseda fakultního výboru a zakládají úzké smlouvy s Radou studentských ubytoven v Podolí.&nbsp;Posjezdovou iniciativu přebírá Honza Novák.&nbsp;Na srazy ve Studentské ubytovně Podolí přicházejí i další lidé, aby viděli své známé z mítinků.&nbsp;Dohodneme se na zásadách činnosti a formální organizaci klubu.&nbsp;Přijímáme název „Turistický akademický klub“ – TAK (podle polského „Akademicki klub turystyczny“ – AKT).&nbsp;</p>



<p>V roce 1964 schvaluje fakultní výbor Československého svazu mládeže stanovy TAK.&nbsp;První akce se pořádá na jaře 1964 v Krkonoších a Jeník zde poprvé vyslovuje slovo &#8222;STEZKA&#8220;.&nbsp;V té době máme také nějaké peníze, které můžeme uložit na vlastní účet.&nbsp;První čtyři trasy začínají svou činnost.&nbsp;</p>



<h5 class="wp-block-heading"><strong><span style="color:#6ea4b5" class="has-inline-color">Hledáme identitu</span></strong></h5>



<p>První období činnosti TAK je značně ovlivněno polským příkladem.&nbsp;Se studenty vratislavské polytechniky udržujeme velmi úzké přátelské vztahy.&nbsp;Čerpáme z rad a zkušeností Franceka Kawcyňského, Marka Wilczyňského a legendární dívky Jagody.</p>



<p>Organizace prvních Stezek nezpůsobuje žádné problémy, protože se akce účastní málo lidí.&nbsp;Ubytování je zajišťováno osobně, korespondence a dohody jsou na formuláři výboru fakulty, vlak není nutné objednávat.&nbsp;Nejčastěji využíváme noční vlak &#8222;Flamendr expres&#8220;, legendární vlak vyjíždějící kolem půlnoci z dnes již neexistujícího nádraží Praha -Těšnov.</p>



<p>Odznaky jsou problém.&nbsp;Výroba odznaků ve Znaku je vzhledem k malým sériím nákladná a tak využíváme fakultní dílny &#8211; tři půldny práce a nadšení každého z nás.<br>Počasí na první Stezku není dobré, ale Stezka dosahuje největší hustoty strojních inženýrů na metr čtvereční &#8211; 116 osob a batohů v Krkonoších.<br>Sláva první Cesty se rychle šíří a přináší své ovoce.&nbsp;Půjčka Rady studentských ubytoven se mění v dotaci, na Karlově náměstí je vitrína s reklamními materiály TAK, Rada studentských ubytoven nám propůjčuje sklepní místnost na klubovnu a první Pražané, kteří na studentské ubytovně nebydlí, jsou přicházet na schůzky.&nbsp;Od trasy č. 1 se odděluje trasa č. 5, od trasy č. 4 trasa č. 6.</p>



<p>První DEZOB v roce 1968 se jmenuje „Dezorientační běh noční Prahou“, později přijímáme jeho překlad jako „Dezorientační běh na Malou Stranu“.&nbsp;24. února 1970 je schválena žádost o převod na ČTO (Český svaz turistů), takže se jmenujeme TJ TAK.&nbsp; Následuje první spolupráce s NOHYB (založena v roce 1969) a název &#8222;Model Group&#8220;.&nbsp;V roce 1972 pořádáme první ples na pražském Žofíně.&nbsp;Vzniká základ PANTAKOVKY a první akce toho jména se koná v Soběslavi v roce 1973.  S našimi prvními miminky přichází první sraz kočárků, také v roce 1973. &nbsp;Následují dvě Tratě běžkařů proti sobě a také první Soutěž ROUTE BANDS, každý rok s hostem (Míle, Chudinkové W. Ryvola).&nbsp; V zimě 1977 pořádáme první NORA (zimní víkend s ubytováním pod širým nebem, na sněhu).&nbsp;</p>



<p>Naše děti rostou a od roku 1978 existují &#8222;Bystřičky&#8220; (letní tábor pro děti a jejich rodiče), od roku 1980 &#8222;Ďáblík&#8220; (letní tábor), dětské výlety a další aktivity TOM (Turistická skupina mládeže v rámci TJ TAK, založená v roce 1978).&nbsp; </p>



<p>V roce 1979 se stává předsedou TAK Tomáš Häckl a pořádáme první soutěž Traťových kapel.&nbsp;V roce 1980 pořádáme první LESNÍ HRY.&nbsp;Soutěže se každým rokem mění, ale klasikou se stávají &#8222;Dr. Voštěp&#8220;, &#8222;Prometheova regata&#8220; (působivý noční závod s hořícími pochodněmi) a &#8222;Noční lov&#8220;.&nbsp;Od roku 1987 pořádáme každoročně &#8222;VÍTÁNÍ LÉTA&#8220; v pražském parku Vojanovy sady.&nbsp;Je to setkání Route Bands a dobrot, většinou i dobrého počasí.</p>



<blockquote class="wp-block-quote is-layout-flow wp-block-quote-is-layout-flow"><p><strong>Ta krásná akce, o které mluvíme, se jmenuje STEZKA &#8211; už mnoho let mě při vyslovení tohoto slova příjemně vzrušuje &#8211; je to vzrušení, které zažívají jen mladí muži před prvním rande.</strong><br>Předsedou se stal Ing.&nbsp;J. Kozák</p></blockquote>

<p>Co je Stezka? » Odpověď na volání divočiny» Naděje, láska a víra» Fyzická námaha a duchovní povznesení» Radost ze slunce</p>
