{"id":90,"date":"2021-11-18T02:06:49","date_gmt":"2021-11-18T01:06:49","guid":{"rendered":"http:\/\/www.takpraha.cz\/wp\/?page_id=90"},"modified":"2025-10-28T10:33:46","modified_gmt":"2025-10-28T09:33:46","slug":"trasy","status":"publish","type":"page","link":"https:\/\/takpraha.cz\/index.php\/trasy\/","title":{"rendered":"Trasy"},"content":{"rendered":"\n<p class=\"has-text-align-center has-background has-medium-font-size\" style=\"background-color:#6ea4b5\"><strong><span class=\"has-inline-color has-white-color\">Trasy, \u0161\u00e9fov\u00e9, sleziny, webov\u00e9 str\u00e1nky<\/span><\/strong><\/p>\n\n\n\n<figure class=\"wp-block-table is-style-regular\"><table><thead><tr><th class=\"has-text-align-right\" data-align=\"right\">ID<\/th><th>\u0160\u00e9f Trasy, z\u00e1stupce \u0161\u00e9fa<\/th><th>Sleziny<\/th><th>Web<\/th><\/tr><\/thead><tbody><tr><td class=\"has-text-align-right\" data-align=\"right\"> 1.<\/td><td>trasa nem\u00e1 \u0161\u00e9fa, ale Radu ve slo\u017een\u00ed: Simona G\u00e1bri\u0161ov\u00e1, Pavel Hrabal, Olina Kettnerov\u00e1, Va\u0161ek Hol\u00edk a Ji\u0159\u00ed \u010cada<br>kontaktem mezi trasou a TAKem v p\u0159\u00edpad\u011b pot\u0159eby pov\u011b\u0159en <em><strong>Pavel Hrabal<\/strong> (phrabal(at)seznam.cz)<\/em><br><\/td><td>Druh\u00e9 pond\u011bl\u00ed v m\u011bs\u00edci, restaurace&nbsp;<a href=\"https:\/\/www.facebook.com\/minigolf.dekanka.bar.restaurant\/\" target=\"_blank\" rel=\"noreferrer noopener\">Minigolf D\u011bkanka<\/a>,<br>D\u011bkansk\u00e1 vinice I 987\/5, Praha 4 \u2013 Nusle<br>\u00bb velmi hrac\u00ed bez kec\u00e1n\u00ed<\/td><td><a href=\"https:\/\/1trasatak.webnode.cz\/\" target=\"_blank\" rel=\"noreferrer noopener\"><img loading=\"lazy\" decoding=\"async\" width=\"150\" height=\"104\" class=\"wp-image-1016\" style=\"width: 150px;\" src=\"https:\/\/takpraha.cz\/wp-content\/uploads\/2021\/11\/web01.jpg\" alt=\"\"><\/a><\/td><\/tr><tr><td class=\"has-text-align-right\" data-align=\"right\"> 2.<\/td><td><strong>Hanka K\u00e1rov\u00e1<\/strong> (Hanka.Karova(at)seznam.cz),<br>z\u00e1stup&nbsp;Ji\u0159\u00ed Kl\u00edma (jirkaklima1(at)post.cz)<\/td><td><br>Jednou za m\u011bs\u00edc nepravideln\u00fd den,&nbsp;<a rel=\"noreferrer noopener\" href=\"https:\/\/www.napesinach.cz\/\" target=\"_blank\">Na P\u011b\u0161in\u00e1ch 8<\/a>, Kobylisy, <br>\u00bb velmi hrac\u00ed, vejde se asi 30 lid\u00ed<\/td><td> <a href=\"https:\/\/takdvojka.rajce.idnes.cz\/\" target=\"_blank\" rel=\"noreferrer noopener\"><img loading=\"lazy\" decoding=\"async\" width=\"150\" height=\"100\" class=\"wp-image-1015\" style=\"width: 150px;\" src=\"https:\/\/takpraha.cz\/wp-content\/uploads\/2021\/11\/web02.jpg\" alt=\"\" srcset=\"https:\/\/takpraha.cz\/wp-content\/uploads\/2021\/11\/web02.jpg 310w, https:\/\/takpraha.cz\/wp-content\/uploads\/2021\/11\/web02-300x200.jpg 300w\" sizes=\"auto, (max-width: 150px) 100vw, 150px\" \/><\/a><a rel=\"noreferrer noopener\" href=\"https:\/\/takdvojka.rajce.idnes.cz\/\" target=\"_blank\"><\/a><\/td><\/tr><tr><td class=\"has-text-align-right\" data-align=\"right\"> 3.<\/td><td><strong>Andrea Jiravov\u00e1 \u010capkov\u00e1<\/strong> (3ac(at)seznam.cz)<\/td><td>Ka\u017ed\u00e9 1. \u00fater\u00fd v m\u011bs\u00edci moment\u00e1ln\u011b hled\u00e1me nov\u00e9 m\u00edsto<br>\u00bb hrajeme a zp\u00edv\u00e1me<\/td><td><a href=\"http:\/\/trasa3.cz\/\" target=\"_blank\" rel=\"noreferrer noopener\"><img loading=\"lazy\" decoding=\"async\" width=\"150\" height=\"100\" class=\"wp-image-1018\" style=\"width: 150px;\" src=\"https:\/\/takpraha.cz\/wp-content\/uploads\/2021\/11\/web03-1.jpg\" alt=\"\" srcset=\"https:\/\/takpraha.cz\/wp-content\/uploads\/2021\/11\/web03-1.jpg 1157w, https:\/\/takpraha.cz\/wp-content\/uploads\/2021\/11\/web03-1-300x200.jpg 300w, https:\/\/takpraha.cz\/wp-content\/uploads\/2021\/11\/web03-1-1024x682.jpg 1024w, https:\/\/takpraha.cz\/wp-content\/uploads\/2021\/11\/web03-1-768x512.jpg 768w\" sizes=\"auto, (max-width: 150px) 100vw, 150px\" \/><\/a><\/td><\/tr><tr><td class=\"has-text-align-right\" data-align=\"right\"> 4.<\/td><td><strong>Petr Pet\u0159\u00edk Lebenhart <\/strong>(4mape(at)centrum.cz)<\/td><td>Ka\u017ed\u00e9 \u00fater\u00fd, r\u016fzn\u011b<br>\u00bb 1\u00d7 m\u011bs\u00ed\u010dn\u011b hrac\u00ed.<\/td><td><a href=\"https:\/\/www.4trasa.cz\/\" target=\"_blank\" rel=\"noreferrer noopener\"><img loading=\"lazy\" decoding=\"async\" width=\"150\" height=\"100\" class=\"wp-image-1019\" style=\"width: 150px;\" src=\"https:\/\/takpraha.cz\/wp-content\/uploads\/2021\/11\/web04.jpg\" alt=\"\" srcset=\"https:\/\/takpraha.cz\/wp-content\/uploads\/2021\/11\/web04.jpg 1337w, https:\/\/takpraha.cz\/wp-content\/uploads\/2021\/11\/web04-300x200.jpg 300w, https:\/\/takpraha.cz\/wp-content\/uploads\/2021\/11\/web04-1024x682.jpg 1024w, https:\/\/takpraha.cz\/wp-content\/uploads\/2021\/11\/web04-768x512.jpg 768w\" sizes=\"auto, (max-width: 150px) 100vw, 150px\" \/><\/a><\/td><\/tr><tr><td class=\"has-text-align-right\" data-align=\"right\"> 5.<\/td><td>trasa nem\u00e1 \u0161\u00e9fa<br>kontaktem mezi trasou a TAKem v p\u0159\u00edpad\u011b pot\u0159eby pov\u011b\u0159en <br><em><strong>Petr N\u011bmec <\/strong><\/em>(pata.trasa(at)post.cz) <br>z titulu \u010dlenstv\u00ed v TAKu<\/td><td>trasa se nesch\u00e1z\u00ed, sleziny se nekonaj\u00ed<\/td><td><\/td><\/tr><tr><td class=\"has-text-align-right\" data-align=\"right\"> 6.<\/td><td><strong>Josef Soukup<\/strong> (jsoukup(at)hotmail.cz)<\/td><td>sch\u00e1z\u00edme se zcela n\u00e1hodn\u011b, sp\u00ed\u0161e ne<\/td><td><\/td><\/tr><tr><td class=\"has-text-align-right\" data-align=\"right\"> 7.<\/td><td><strong>Vlasta Hyksa<\/strong> (v.hyksa(at)seznam.cz)<\/td><td>ka\u017edou lichou st\u0159edu v restauraci <strong>U \u017dalud\u016f<\/strong>, Na Zbo\u0159enci, Praha 2, hraje se, mal\u00fd salonek<\/td><td><a href=\"https:\/\/trasa-7.webnode.cz\/\" target=\"_blank\" rel=\"noreferrer noopener\"><img loading=\"lazy\" decoding=\"async\" width=\"150\" height=\"100\" class=\"wp-image-1022\" style=\"width: 150px;\" src=\"https:\/\/takpraha.cz\/wp-content\/uploads\/2021\/11\/web07.jpg\" alt=\"\" srcset=\"https:\/\/takpraha.cz\/wp-content\/uploads\/2021\/11\/web07.jpg 1201w, https:\/\/takpraha.cz\/wp-content\/uploads\/2021\/11\/web07-300x200.jpg 300w, https:\/\/takpraha.cz\/wp-content\/uploads\/2021\/11\/web07-1024x683.jpg 1024w, https:\/\/takpraha.cz\/wp-content\/uploads\/2021\/11\/web07-768x512.jpg 768w\" sizes=\"auto, (max-width: 150px) 100vw, 150px\" \/><\/a><\/td><\/tr><tr><td class=\"has-text-align-right\" data-align=\"right\"> 8.<\/td><td><strong>Eva \u0160vestkov\u00e1 <\/strong>(eva.svestkova(at)seznam.cz,<br>z\u00e1stup&nbsp;Ji\u0159\u00ed Doml\u00e1til (jdvm(at)seznam.cz)<\/td><td>\u00daterky v lich\u00fdch kalend\u00e1\u0159n\u00edch t\u00fddnech v <strong><a href=\"https:\/\/takpraha.cz\/index.php\/trasy\/\">Restauraci U kozla<\/a><\/strong>,  Jana \u017delivsk\u00e9ho 1777\/4, 13000 Praha 3 &#8211; \u017di\u017ekov \u010das<strong> 18 &#8211; 22<\/strong><br>\u00bb Intenz\u00edvn\u011b hrac\u00ed<\/td><td><a href=\"http:\/\/tak8.euweb.cz\/\" target=\"_blank\" rel=\"noreferrer noopener\"><img loading=\"lazy\" decoding=\"async\" width=\"150\" height=\"100\" class=\"wp-image-1026\" style=\"width: 150px;\" src=\"https:\/\/takpraha.cz\/wp-content\/uploads\/2021\/11\/web08.jpg\" alt=\"\" srcset=\"https:\/\/takpraha.cz\/wp-content\/uploads\/2021\/11\/web08.jpg 1341w, https:\/\/takpraha.cz\/wp-content\/uploads\/2021\/11\/web08-300x200.jpg 300w, https:\/\/takpraha.cz\/wp-content\/uploads\/2021\/11\/web08-1024x683.jpg 1024w, https:\/\/takpraha.cz\/wp-content\/uploads\/2021\/11\/web08-768x512.jpg 768w\" sizes=\"auto, (max-width: 150px) 100vw, 150px\" \/><\/a><\/td><\/tr><tr><td class=\"has-text-align-right\" data-align=\"right\"> 9.<\/td><td><strong>Hana P\u00edchov\u00e1<\/strong> (hpichova(at)seznam.cz)<\/td><td>ka\u017edou sudou st\u0159edu, hosp\u016fdka&nbsp;<a rel=\"noreferrer noopener\" href=\"http:\/\/ukladiva.cz\/\" target=\"_blank\">U kladiva<\/a>, Na Palouku 28<br>\u00bb hrac\u00ed<\/td><td><a href=\"http:\/\/www.devetmil.wz.cz\/\" target=\"_blank\" rel=\"noreferrer noopener\"><img loading=\"lazy\" decoding=\"async\" width=\"150\" height=\"100\" class=\"wp-image-1027\" style=\"width: 150px;\" src=\"https:\/\/takpraha.cz\/wp-content\/uploads\/2021\/11\/web09.jpg\" alt=\"\" srcset=\"https:\/\/takpraha.cz\/wp-content\/uploads\/2021\/11\/web09.jpg 1361w, https:\/\/takpraha.cz\/wp-content\/uploads\/2021\/11\/web09-300x200.jpg 300w, https:\/\/takpraha.cz\/wp-content\/uploads\/2021\/11\/web09-1024x682.jpg 1024w, https:\/\/takpraha.cz\/wp-content\/uploads\/2021\/11\/web09-768x512.jpg 768w\" sizes=\"auto, (max-width: 150px) 100vw, 150px\" \/><\/a><\/td><\/tr><tr><td class=\"has-text-align-right\" data-align=\"right\">10.<\/td><td><strong>Michal Borges<\/strong> (mborges(at)seznam.cz)<\/td><td>sleziny nemaj\u00ed<\/td><td><\/td><\/tr><tr><td class=\"has-text-align-right\" data-align=\"right\">11.<\/td><td><strong>Bohumil \u017d\u00e1n Je\u017eek<\/strong> (bjezek(at)centrum.cz)<\/td><td>ka\u017edou st\u0159edu&nbsp;U plavc\u016f&nbsp;v Trojick\u00e9, ob\u010das se hraje n\u011bkdy i hodn\u011b, salonek cca pro 20 hust\u011b sed\u00edc\u00edch&nbsp;<\/td><td><\/td><\/tr><tr><td class=\"has-text-align-right\" data-align=\"right\">12.<\/td><td><strong>Hana \u0158eh\u00e1kov\u00e1<\/strong> (rehakova.hana(at)seznam.cz)<\/td><td>prvn\u00ed \u010dtvrtek v m\u011bs\u00edci,&nbsp;<a rel=\"noreferrer noopener\" href=\"http:\/\/usumavy.cz\/\" target=\"_blank\">U \u0160umavy<\/a>, \u0160t\u011bp\u00e1nsk\u00e1 3, P2, nehraje se; tzv. Pta\u010d\u00ed sleziny ka\u017ed\u00e9ho 12. v m\u011bs\u00edci na r\u016fzn\u00fdch m\u00edstech dle domluvy<\/td><td><a href=\"https:\/\/trasa12.takpraha.cz\/\" target=\"_blank\" rel=\"noreferrer noopener\"><s><img loading=\"lazy\" decoding=\"async\" width=\"150\" height=\"100\" class=\"wp-image-1028\" style=\"width: 150px;\" src=\"https:\/\/takpraha.cz\/wp-content\/uploads\/2021\/11\/web12.jpg\" alt=\"\" srcset=\"https:\/\/takpraha.cz\/wp-content\/uploads\/2021\/11\/web12.jpg 921w, https:\/\/takpraha.cz\/wp-content\/uploads\/2021\/11\/web12-300x200.jpg 300w, https:\/\/takpraha.cz\/wp-content\/uploads\/2021\/11\/web12-768x512.jpg 768w\" sizes=\"auto, (max-width: 150px) 100vw, 150px\" \/><\/s><\/a><\/td><\/tr><tr><td class=\"has-text-align-right\" data-align=\"right\">13.<\/td><td><strong>Tom\u00e1\u0161 Rozs\u00edval<\/strong> (torozsival(at)seznam.cz)<\/td><td>ka\u017ed\u00e9 sud\u00e9 pond\u011bl\u00ed (ale ob\u010das se zm\u011bn\u00ed na lich\u00e9) v m\u011bs\u00edci salonek hospody&nbsp;<a href=\"https:\/\/en.mapy.cz\/turisticka?source=firm&amp;id=13014356&amp;x=14.4396164&amp;y=50.0776392&amp;z=17\">Pivn\u00ed BAR Blanick\u00e1 28<\/a>, P2 Vinohrady<br>\u00bb hrac\u00ed<\/td><td><a href=\"https:\/\/trasa13.webnode.cz\/\" data-type=\"URL\" data-id=\"https:\/\/trasa13.webnode.cz\/\" target=\"_blank\" rel=\"noreferrer noopener\"><img loading=\"lazy\" decoding=\"async\" width=\"150\" height=\"100\" class=\"wp-image-1032\" style=\"width: 150px;\" src=\"https:\/\/takpraha.cz\/wp-content\/uploads\/2021\/11\/web13-1.jpg\" alt=\"\" srcset=\"https:\/\/takpraha.cz\/wp-content\/uploads\/2021\/11\/web13-1.jpg 1340w, https:\/\/takpraha.cz\/wp-content\/uploads\/2021\/11\/web13-1-300x200.jpg 300w, https:\/\/takpraha.cz\/wp-content\/uploads\/2021\/11\/web13-1-1024x682.jpg 1024w, https:\/\/takpraha.cz\/wp-content\/uploads\/2021\/11\/web13-1-768x512.jpg 768w\" sizes=\"auto, (max-width: 150px) 100vw, 150px\" \/><\/a><\/td><\/tr><tr><td class=\"has-text-align-right\" data-align=\"right\">14.<\/td><td><strong>Vladim\u00edr Roith<\/strong> (v.roith(at)seznam.cz)<\/td><td>ka\u017ed\u00fdch 14 dn\u016f (moment\u00e1ln\u011b v l\u00edch\u00e9 t\u00fddny),&nbsp;&nbsp;<a href=\"https:\/\/en.mapy.cz\/turisticka?source=firm&amp;id=13014356&amp;x=14.4396164&amp;y=50.0776392&amp;z=17\">Pivn\u00ed BAR Blanick\u00e1 28<\/a>, P2 Vinohrady, \u010derven a\u017e z\u00e1\u0159\u00ed jsou sleziny v r\u016fzn\u00fdch zahradn\u00edch restaurac\u00edch<br>\u00bb hraje se v\u00fdjime\u010dn\u011b<\/td><td><a href=\"http:\/\/trasa.ctrnactka.net\/\" target=\"_blank\" rel=\"noreferrer noopener\"><img loading=\"lazy\" decoding=\"async\" width=\"150\" height=\"100\" class=\"wp-image-1033\" style=\"width: 150px;\" src=\"https:\/\/takpraha.cz\/wp-content\/uploads\/2021\/11\/web14.jpg\" alt=\"\" srcset=\"https:\/\/takpraha.cz\/wp-content\/uploads\/2021\/11\/web14.jpg 1338w, https:\/\/takpraha.cz\/wp-content\/uploads\/2021\/11\/web14-300x200.jpg 300w, https:\/\/takpraha.cz\/wp-content\/uploads\/2021\/11\/web14-1024x682.jpg 1024w, https:\/\/takpraha.cz\/wp-content\/uploads\/2021\/11\/web14-768x511.jpg 768w\" sizes=\"auto, (max-width: 150px) 100vw, 150px\" \/><\/a><\/td><\/tr><tr><td class=\"has-text-align-right\" data-align=\"right\">15.<\/td><td><strong>Ivan Fridrich<\/strong> (ivan.fridrich(at)post.cz)<\/td><td>nepravideln\u011b, zhruba jednou m\u011bs\u00ed\u010dn\u011b ve st\u0159edu,&nbsp;<a rel=\"noreferrer noopener\" href=\"http:\/\/www.podzvoneckem.cz\/\" target=\"_blank\">U Zvone\u010dku<\/a>, St\u0159elni\u010dn\u00e1 45, Kobylisy<br>\u00bb slezina je v\u011bt\u0161inou hrac\u00ed<\/td><td><a href=\"http:\/\/tady.cz\/trasa15\/\" target=\"_blank\" rel=\"noreferrer noopener\"><img loading=\"lazy\" decoding=\"async\" width=\"150\" height=\"100\" class=\"wp-image-1034\" style=\"width: 150px;\" src=\"https:\/\/takpraha.cz\/wp-content\/uploads\/2021\/11\/web15.jpg\" alt=\"\" srcset=\"https:\/\/takpraha.cz\/wp-content\/uploads\/2021\/11\/web15.jpg 900w, https:\/\/takpraha.cz\/wp-content\/uploads\/2021\/11\/web15-300x200.jpg 300w, https:\/\/takpraha.cz\/wp-content\/uploads\/2021\/11\/web15-768x512.jpg 768w\" sizes=\"auto, (max-width: 150px) 100vw, 150px\" \/><\/a><\/td><\/tr><tr><td class=\"has-text-align-right\" data-align=\"right\">16.<\/td><td><strong>Lud\u011bk Ledvina<\/strong> (ledvinalu(at)seznam.cz)<\/td><td>v \u00fater\u00fd s&nbsp;frekvenc\u00ed 14 dn\u016f<br>p\u0159es zimu v&nbsp;salonku hospody U \u017dalud\u016f v&nbsp;ulici Na Zbo\u0159enci, Praha 2<br>v &nbsp;l\u00e9t\u011b st\u0159\u00edd\u00e1me r\u016fzn\u00e9 zahradn\u00ed restaurace.<br>\u00bbhrac\u00ed jen v\u00fdjime\u010dn\u011b<\/td><td><a href=\"http:\/\/www.sestnactka.org\/\" target=\"_blank\" rel=\"noreferrer noopener\"><img loading=\"lazy\" decoding=\"async\" width=\"150\" height=\"100\" class=\"wp-image-1035\" style=\"width: 150px;\" src=\"https:\/\/takpraha.cz\/wp-content\/uploads\/2021\/11\/web16.jpg\" alt=\"\" srcset=\"https:\/\/takpraha.cz\/wp-content\/uploads\/2021\/11\/web16.jpg 1115w, https:\/\/takpraha.cz\/wp-content\/uploads\/2021\/11\/web16-300x200.jpg 300w, https:\/\/takpraha.cz\/wp-content\/uploads\/2021\/11\/web16-1024x682.jpg 1024w, https:\/\/takpraha.cz\/wp-content\/uploads\/2021\/11\/web16-768x512.jpg 768w\" sizes=\"auto, (max-width: 150px) 100vw, 150px\" \/><\/a><\/td><\/tr><tr><td class=\"has-text-align-right\" data-align=\"right\">17.<\/td><td><strong>Zden\u011bk Koc\u00e1bek<\/strong> (z.kocabek(at)seznam.cz)<\/td><td>ka\u017ed\u00e9 prvn\u00ed \u00fater\u00fd v m\u011bs\u00edci, restaurace&nbsp;<a rel=\"noreferrer noopener\" href=\"http:\/\/www.uholanu.cz\/\" target=\"_blank\">U Holan\u016f<\/a>, Lond\u00fdnsk\u00e1 10, Praha 2<br>\u00bb nehraje se<\/td><td><a href=\"https:\/\/trasa17.takpraha.cz\/\" target=\"_blank\" rel=\"noreferrer noopener\"><img loading=\"lazy\" decoding=\"async\" width=\"150\" height=\"100\" class=\"wp-image-1038\" style=\"width: 150px;\" src=\"https:\/\/takpraha.cz\/wp-content\/uploads\/2021\/11\/web17.jpg\" alt=\"\" srcset=\"https:\/\/takpraha.cz\/wp-content\/uploads\/2021\/11\/web17.jpg 981w, https:\/\/takpraha.cz\/wp-content\/uploads\/2021\/11\/web17-300x200.jpg 300w, https:\/\/takpraha.cz\/wp-content\/uploads\/2021\/11\/web17-768x512.jpg 768w\" sizes=\"auto, (max-width: 150px) 100vw, 150px\" \/><\/a><\/td><\/tr><tr><td class=\"has-text-align-right\" data-align=\"right\">18.<\/td><td><strong>Lenka Borgesov\u00e1 <\/strong>(l.borgesova(at)seznam.cz)<\/td><td>p\u0159\u00edle\u017eitostn\u011b na r\u016fzn\u00fdch m\u00edstech<\/td><td><\/td><\/tr><tr><td class=\"has-text-align-right\" data-align=\"right\">20.<\/td><td><strong>Veronika Jiravov\u00e1 <\/strong>veronika20(at)centrum.cz)<\/td><td>sch\u00e1z\u00edme se \u010dasto na r\u016fzn\u00fdch akc\u00edch, pravideln\u00e9 sleziny moment\u00e1ln\u011b nem\u00e1me<\/td><td><a href=\"https:\/\/trasa20.takpraha.cz\/\" target=\"_blank\" rel=\"noreferrer noopener\"><img loading=\"lazy\" decoding=\"async\" width=\"150\" height=\"100\" class=\"wp-image-1039\" style=\"width: 150px;\" src=\"https:\/\/takpraha.cz\/wp-content\/uploads\/2021\/11\/web20.jpg\" alt=\"\" srcset=\"https:\/\/takpraha.cz\/wp-content\/uploads\/2021\/11\/web20.jpg 1141w, https:\/\/takpraha.cz\/wp-content\/uploads\/2021\/11\/web20-300x200.jpg 300w, https:\/\/takpraha.cz\/wp-content\/uploads\/2021\/11\/web20-1024x682.jpg 1024w, https:\/\/takpraha.cz\/wp-content\/uploads\/2021\/11\/web20-768x512.jpg 768w\" sizes=\"auto, (max-width: 150px) 100vw, 150px\" \/><\/a><\/td><\/tr><tr><td class=\"has-text-align-right\" data-align=\"right\">23.<\/td><td><strong>Roman Hysek<\/strong> (hysekr(at)seznam.cz)<\/td><td>velmi nepravideln\u011b, Klub Knofl\u00edk, Bozd\u011bchova 3, Sm\u00edchov<\/td><td><\/td><\/tr><tr><td class=\"has-text-align-right\" data-align=\"right\">24. <\/td><td><strong>Filip Dolej\u0161\u00ed <\/strong>(bivoj05(at)gmail.com)<\/td><td><\/td><td><\/td><\/tr><tr><td class=\"has-text-align-right\" data-align=\"right\">26.<\/td><td><strong>Ji\u0159\u00ed Valda ml<\/strong>. (valda26(at)centrum.cz)<\/td><td>sch\u00e1z\u00ed se nepravideln\u011b, ale velmi \u010dasto jinak, ne\u017e na slezin\u00e1ch<\/td><td><a href=\"http:\/\/www.26.cz\/\" target=\"_blank\" rel=\"noreferrer noopener\"><img loading=\"lazy\" decoding=\"async\" width=\"150\" height=\"100\" class=\"wp-image-1040\" style=\"width: 150px;\" src=\"https:\/\/takpraha.cz\/wp-content\/uploads\/2021\/11\/web26.jpg\" alt=\"\" srcset=\"https:\/\/takpraha.cz\/wp-content\/uploads\/2021\/11\/web26.jpg 1272w, https:\/\/takpraha.cz\/wp-content\/uploads\/2021\/11\/web26-300x200.jpg 300w, https:\/\/takpraha.cz\/wp-content\/uploads\/2021\/11\/web26-1024x683.jpg 1024w, https:\/\/takpraha.cz\/wp-content\/uploads\/2021\/11\/web26-768x512.jpg 768w\" sizes=\"auto, (max-width: 150px) 100vw, 150px\" \/><\/a><\/td><\/tr><\/tbody><\/table><\/figure>\n\n\n\n<p><\/p>\n","protected":false},"excerpt":{"rendered":"<p>Trasy, \u0161\u00e9fov\u00e9, sleziny, webov\u00e9 str\u00e1nky ID \u0160\u00e9f Trasy, z\u00e1stupce \u0161\u00e9fa Sleziny Web 1. trasa nem\u00e1 \u0161\u00e9fa, ale Radu ve slo\u017een\u00ed:<\/p>\n","protected":false},"author":2,"featured_media":0,"parent":0,"menu_order":0,"comment_status":"closed","ping_status":"closed","template":"","meta":{"colormag_page_layout":"no_sidebar_full_width","inline_featured_image":false,"ngg_post_thumbnail":0,"footnotes":""},"class_list":["post-90","page","type-page","status-publish","hentry"],"_links":{"self":[{"href":"https:\/\/takpraha.cz\/index.php\/wp-json\/wp\/v2\/pages\/90","targetHints":{"allow":["GET"]}}],"collection":[{"href":"https:\/\/takpraha.cz\/index.php\/wp-json\/wp\/v2\/pages"}],"about":[{"href":"https:\/\/takpraha.cz\/index.php\/wp-json\/wp\/v2\/types\/page"}],"author":[{"embeddable":true,"href":"https:\/\/takpraha.cz\/index.php\/wp-json\/wp\/v2\/users\/2"}],"replies":[{"embeddable":true,"href":"https:\/\/takpraha.cz\/index.php\/wp-json\/wp\/v2\/comments?post=90"}],"version-history":[{"count":42,"href":"https:\/\/takpraha.cz\/index.php\/wp-json\/wp\/v2\/pages\/90\/revisions"}],"predecessor-version":[{"id":7954,"href":"https:\/\/takpraha.cz\/index.php\/wp-json\/wp\/v2\/pages\/90\/revisions\/7954"}],"wp:attachment":[{"href":"https:\/\/takpraha.cz\/index.php\/wp-json\/wp\/v2\/media?parent=90"}],"curies":[{"name":"wp","href":"https:\/\/api.w.org\/{rel}","templated":true}]}}